 = 0. Let o(z) be the first derivative of 3*z - 1/3*z**3 + t - 3/2*z**2. What is o(2)?
-7
Let d be -5 - (-2 + 2)/(-3). Let h(a) = 6 + 6*a + 0 + 0 - 3*a. Give h(d).
-9
Suppose 60*t - 35 = 67*t. Let b(w) = -3*w - 7. Calculate b(t).
8
Let v(s) = s**3 + 10*s**2 + 7*s - 1. Suppose 6*z - 42*z - 324 = 0. Calculate v(z).
17
Let j be (1*-2)/(2/5). Let o(n) be the third derivative of 0 + 1/120*n**6 + 1/6*n**4 - 5*n**2 + 0*n - 5/6*n**3 + 1/10*n**5. Determine o(j).
0
Let p(r) = -r + 3*r + 2*r + 1. Let z = 28 - 14. Suppose -4*a = -4*k - z - 10, -5*a = -2*k - 24. Give p(k).
-7
Suppose 5*u + 9 = -2*n - 5, 3*n - 3*u = 0. Let l(y) = 3*y**3 + 3*y**2 + 3*y + 3. What is l(n)?
-15
Let j = -14 + 5. Let d be 12/j*3/(-2). Let h(x) = 0*x - x - d*x - 5 + 2*x. Give h(6).
-11
Let y(d) = 9*d**2 + 61 - 2*d - 60 + 0. What is y(1)?
8
Let h(a) be the third derivative of -a**9/60480 - a**8/10080 - a**7/2520 - a**5/5 - 7*a**2. Let o(f) be the third derivative of h(f). Calculate o(-2).
4
Let r(t) be the third derivative of t**6/120 + 2*t**5/15 - 3*t**4/8 + 3*t**3/2 + 2*t**2. Give r(-9).
9
Let b = 17 + -14. Suppose b*l - 4 = 5. Suppose l*d = 23 - 2. Let z(q) = q**3 - 7*q**2 - q + 1. Determine z(d).
-6
Let u = -56 - -57. Let b(a) = -8*a**3 + 4*a**2 + 3*a. Let j(i) = 24*i**3 - 11*i**2 - 8*i. Let o(h) = -11*b(h) - 4*j(h). Give o(u).
-9
Let q(u) = u - 4. Suppose -10 = 3*h + 20. Let i be (-4)/h + -1*64/10. What is q(i)?
-10
Let p(d) be the first derivative of d**6/360 + d**5/120 + d**4/12 - 2*d**3 - 17. Let c(k) be the third derivative of p(k). What is c(-3)?
8
Let l(m) = m**3 - 31*m**2 + 2*m - 60. Let n be l(31). Let k(f) be the second derivative of -f**5/20 + f**4/4 - 2*f**3/3 + f**2 + 2*f. What is k(n)?
-2
Let g = 4 - 1. Let c be 2/(-4) + g/6. Let s(i) be the first derivative of i**4/4 + 3*i - 1511. Calculate s(c).
3
Let u(n) = 2*n - 10. Let m be u(6). Suppose -5*x - 20 = -5*v, -3*v - x = -48 + 16. Let t(b) = -b**3 + v*b**2 - m*b**3 + 3*b**3 + 8 + b**3 + b. What is t(-9)?
-1
Let k(z) be the first derivative of -z**3/3 + 2*z**2 - z - 4. Let l be k(3). Let t(m) = -5*m**2 - m**3 - 4*m + 3*m - 2*m + l. Give t(-3).
-7
Suppose -9*v + 6*v = 21. Let b(k) = k**2 + 3*k - 9. Give b(v).
19
Let l(k) be the first derivative of -k**5/60 - k**4/8 - k**3/3 - 8*k**2 + 19. Let z(a) be the second derivative of l(a). Give z(-2).
0
Let h(s) be the first derivative of s**2/2 + 2*s - 16. Let x(y) = -3*y - 6. Let j(r) = 14*h(r) + 4*x(r). Give j(-4).
-4
Let i(j) = -j**3 - 1. Suppose 2*t + 8 = 4*z, -2*z + 3 = 4*t - 1. Let k(y) = 3*y**3 + 7*y**2 + 7*y + 1. Let c(p) = z*i(p) + k(p). Determine c(-5).
14
Let i(z) = 6*z**2 - 2*z + 1. Let t be 6 + (0 - (-6 - -9)). What is i(t)?
49
Suppose -n - 63 = -60. Let g(m) = -2*m**2 - 3*m + 3. Determine g(n).
-6
Suppose -3*d + 14 = d - 3*v, 2*v - 6 = -5*d. Suppose 14 + 6 = -d*f. Let g = f + 9. Let i(j) = -14*j**3 + j. What is i(g)?
13
Let x = -2 - -1. Let g(q) be the first derivative of 7*q**3/3 + q + 391. Calculate g(x).
8
Let w(j) = -1 - 5990*j + 13 + 16 + 5989*j - 4. Determine w(11).
13
Let x(q) be the third derivative of q**4/24 - q**3/6 - q**2 + 82. Let u be (-1 - (-1 - -1))*-1. Calculate x(u).
0
Let s(a) = 0*a - 1 + 2*a + a. Suppose 13 = -50*x - 87. Calculate s(x).
-7
Let p be (24/(-36))/((-5)/(-3) - 2). Let v(q) = -4*q**3 + 2*q**2 - q. What is v(p)?
-26
Let f(x) = x**2 - x + 1. Let w(k) = 6*k**2 - 5*k + 6. Let i(y) = -11*f(y) + 2*w(y). Suppose 4*d - 3 = m, -4*m + 3 = -2*d + 15. Give i(d).
1
Let w(p) = p + 8. Suppose 4*g + 12 = 0, -3*q + 0*q = 2*g + 24. Calculate w(q).
2
Suppose -43*o + 127 = 170. Let x(c) be the first derivative of -5*c**4/2 - c**3/3 - 2. Calculate x(o).
9
Let d = 25 + -25. Suppose d = -7*u + 8*u - 2. Let a(f) = -4*f + 1. What is a(u)?
-7
Suppose 2*t + t - 46 = 4*p, 0 = 2*p - 4*t + 28. Let f be (p/4)/(2/4). Let y(c) = 2*c - 1. Let a(r) = 1. Let h(v) = -4*a(v) - y(v). Calculate h(f).
7
Let m(h) = -4*h**2 + 4*h + 0*h**3 - h**2 - h**3. Suppose i + 7*n = 2*n - 16, 10*n = -20. What is m(i)?
12
Let z(t) = -t**3 + 8*t**2 + t - 5. Let s(b) = -6*b**2 + 9*b - 9. Let c be s(5). Let l = c + 122. Determine z(l).
3
Let v(g) = -6*g - 11. Let i(n) = -7*n - 12. Let t(x) = 5*i(x) - 6*v(x). Let m be t(-3). Let z(p) = 3*p**2 - 4*p - 1. Give z(m).
14
Let o(h) be the second derivative of h**2 + 1/2*h**3 + 36*h + 0. Calculate o(2).
8
Suppose -2*m + 6 + 8 = 0. Let j(y) = 4 + 3*y**3 - 2*y**3 + 50*y - 58*y - 6*y**2. Calculate j(m).
-3
Let z(j) = -j - 15 - 3*j**3 + 9 - 22*j**3 + 8. Give z(1).
-24
Let f(a) = 10*a - 21 - 18*a + 10*a + 10*a + a**2. Determine f(-13).
-8
Let s(m) be the first derivative of -m**4/12 - m**3 + m**2 - 6*m - 3. Let v(x) be the first derivative of s(x). Calculate v(-6).
2
Let y(g) = g**3 - 6*g**2 - 2*g + 7. Suppose q + 3*c - 10 = 0, 0*q - 5*c = -2*q + 9. Calculate y(q).
42
Let f be (6/9)/(4/(-18)). Let u(d) = 2*d**2 + 6*d + 5. Let l be u(f). Let i(w) = -2 + 3 - w**2 + 5*w - 3. Calculate i(l).
-2
Let f(n) = -n + 11. Let t(m) = m**3 + 5*m**2 + 4*m - 3. Let a be t(-4). Let h be (-4)/1 - a - -1. Determine f(h).
11
Suppose 3*s + 0*s - 6 = 3*j, -2*j - 5*s + 10 = 0. Let z(h) = -29 + 53 - 20 + h. What is z(j)?
4
Let o be (-2)/3 + 16/6. Let r(l) = 646 - 644 - l - 3*l - 3*l**3 + 4*l**2. Give r(o).
-14
Let s(h) = -3*h**2 + 6. Let t = 70 + -71. Let k(n) = -n**2 + 1. Let u(z) = t*s(z) + 2*k(z). Give u(-3).
5
Let s be 19 + -17 - 2/(-1). Suppose -2*q - 5*i = 15, 12 = -3*q + q - s*i. Let u(x) = x + 7. What is u(q)?
7
Let d(p) = p**3 - 2*p**2 + 5. Suppose 153*v - 152*v = 0. Determine d(v).
5
Let o(w) = w**2 - 7*w - 1. Suppose 5*x + 10*x - 90 = 0. What is o(x)?
-7
Let x(l) be the first derivative of 10/3*l**3 - 1 + 7/24*l**4 + 0*l**2 + 0*l + 1/20*l**5 - 1/360*l**6. Let g(p) be the third derivative of x(p). Calculate g(6).
7
Let f(j) = -j**3 - 8*j**2 - 6*j + 9. Let s be f(-7). Let n(l) = -2*l**2 - 50*l - 3. Let k(v) = -v**2 - 30*v - 2. Let c(a) = -5*k(a) + 3*n(a). Give c(s).
-3
Let y(m) = m - 11. Let a(o) = -15*o - 114. Let d be a(-7). Calculate y(d).
-20
Let d(r) be the first derivative of r**2/2 + 6*r - 709. Let q = -18 - -11. Calculate d(q).
-1
Suppose -40 + 46 = 2*a. Let c(v) = -8*v - 2. Give c(a).
-26
Let f(a) = -a**2 + 3*a + 5. Suppose -m - 212 + 217 = 0. Calculate f(m).
-5
Let d(f) = f**3 + f**2. Suppose 0 = -3*j - 10 + 4. Let h(n) = -n - 1. Let b(s) = j*h(s) + d(s). Give b(-2).
-6
Let c = 54 - 40. Let t(f) = -15*f + 0*f**2 + 16 - 2*f**2 + 3*f**2. Let m be t(c). Let x(r) = -r + 2. What is x(m)?
0
Suppose n = -3*m + 273, 0 = 3*m + 2*n + 3*n - 261. Let r(b) = -9*b - 92 + m. Give r(-1).
9
Let t(m) be the third derivative of m**6/120 + m**5/12 - m**4/4 + 35*m**2 - 2. Determine t(-6).
0
Let u(v) = 14*v + 11 + 3 - 15*v. Calculate u(5).
9
Let x = 8 - 5. Let j(y) = -1 - 1 + 4 - x*y - 3. What is j(2)?
-7
Let k(m) = -m**2 + m + 5. Suppose -3*q = 2*q. Let v be k(q). Suppose v*y - 21 = -3*d, -3*d + 0*y + y = -3. Let i(n) = -n + 4. What is i(d)?
2
Let m(s) = -s + 7. Let p = -18 - -35. Let v(i) = -6*i + 5. Let n be v(-2). Let r = n - p. What is m(r)?
7
Suppose 2*x - 2 = 0, 4*x = -l + 3 + 1. Suppose 6*b - b - 10 = l. Let t(f) = -f**3 - 9*f + b*f + 5 + 7*f**2 + 0. What is t(6)?
-1
Let n(s) = 12*s + 6. Let c(p) = 19*p + 8. Let a(q) = -5*c(q) + 8*n(q). What is a(-9)?
-1
Suppose 4*c - 5*s = 8, 3*c - 27 = 5*s - 16. Let y(u) = u**2 + 2*u - 4. Give y(c).
-1
Let n(j) = j**2 + 9*j - 2. Suppose 0 = -18*z + 15*z - 21. What is n(z)?
-16
Let l be (6/4*4)/(24/60). Suppose 9 = 6*k - l*k. Let d(j) = 5*j - 1. What is d(k)?
-6
Let i(c) = -c**3 - 15*c**2 - 15*c - 16. Suppose 52 = -2*j + 24. Determine i(j).
-2
Let z(f) = -2*f**2 + 6*f + 4. Let t(b) = -7*b**2 + 70*b + 26. Let g(r) = 3*r**2 - 23*r - 9. Let u(q) = -11*g(q) - 4*t(q). Let k be u(-5). What is z(k)?
-16
Suppose 4*f - 2 = 3*f - 2*v, -f - 5*v = 4. Let m(x) be the second derivative of 1/3*x**3 + 0*x**2 + 0 - f*x. Calculate m(2).
4
Let v(r) = r**3 + 2*r**2 - 2*r - 1. Let a(t) be the second derivative of t**4/12 - t**3 + t**2 - 17*t. Let c be a(5). Give v(c).
-4
Suppose 4*h + 0*h + 8 = 0. Let s(w) = 3*w**2 + 4*w + 4. Let f(c) = 7*c**2 + 8*c + 8. Let m(z) = h*f(z) + 5*s(z). Let o be (-2)/3*36/8. What is m(o)?
1
Let d = 141 - 135. Let x(m) = m**2 - 3*m - 7. Calculate x(d).
11
Let w be (99/(-4))/(-3) - (-12)/16. Let h(d) = d**2 - d - 4. Let v b